{"id":10698,"date":"2020-11-12T11:49:55","date_gmt":"2020-11-12T08:49:55","guid":{"rendered":"https:\/\/www.reform.ee\/pood\/?post_type=product&#038;p=10698"},"modified":"2026-04-15T15:04:48","modified_gmt":"2026-04-15T12:04:48","slug":"korvarongad-hobedased","status":"publish","type":"product","link":"https:\/\/www.reform.ee\/pood\/toode\/korvarongad-hobedased\/","title":{"rendered":"K\u00f5rvar\u00f5ngad"},"content":{"rendered":"","protected":false},"excerpt":{"rendered":"<p><strong>Elegantsed oravakujulised k\u00f5rvar\u00f5ngad, mis sobivad nii kingiks kui igap\u00e4evaseks kandmiseks ja on piisava suurusega, et sobituksid igale k\u00f5rvakujule.<\/strong><\/p>\n<ul>\n<li>valminud k\u00e4sit\u00f6\u00f6na<\/li>\n<li>valikus kullast, \u00fclekullatud ja h\u00f5bedased k\u00f5rvar\u00f5ngad<\/li>\n<li>niklivabad ning ei tekita allergiat<\/li>\n<li>pakitud soliidsesse musta puitkarpi<\/li>\n<\/ul>\n","protected":false},"featured_media":10700,"template":"","meta":[],"product_brand":[],"product_cat":[84,27],"product_tag":[],"class_list":{"0":"post-10698","1":"product","2":"type-product","3":"status-publish","4":"has-post-thumbnail","6":"product_cat-ehted-ja-margid","7":"product_cat-meened","9":"first","10":"instock","11":"shipping-taxable","12":"purchasable","13":"product-type-variable"},"exclude_global_add_ons":[],"addons":[],"_links":{"self":[{"href":"https:\/\/www.reform.ee\/pood\/wp-json\/wp\/v2\/product\/10698","targetHints":{"allow":["GET"]}}],"collection":[{"href":"https:\/\/www.reform.ee\/pood\/wp-json\/wp\/v2\/product"}],"about":[{"href":"https:\/\/www.reform.ee\/pood\/wp-json\/wp\/v2\/types\/product"}],"wp:featuredmedia":[{"embeddable":true,"href":"https:\/\/www.reform.ee\/pood\/wp-json\/wp\/v2\/media\/10700"}],"wp:attachment":[{"href":"https:\/\/www.reform.ee\/pood\/wp-json\/wp\/v2\/media?parent=10698"}],"wp:term":[{"taxonomy":"product_brand","embeddable":true,"href":"https:\/\/www.reform.ee\/pood\/wp-json\/wp\/v2\/product_brand?post=10698"},{"taxonomy":"product_cat","embeddable":true,"href":"https:\/\/www.reform.ee\/pood\/wp-json\/wp\/v2\/product_cat?post=10698"},{"taxonomy":"product_tag","embeddable":true,"href":"https:\/\/www.reform.ee\/pood\/wp-json\/wp\/v2\/product_tag?post=10698"}],"curies":[{"name":"wp","href":"https:\/\/api.w.org\/{rel}","templated":true}]}}