{"id":11742,"date":"2021-11-28T03:03:45","date_gmt":"2021-11-28T00:03:45","guid":{"rendered":"https:\/\/www.reform.ee\/pood\/?post_type=product&#038;p=11742"},"modified":"2023-11-10T15:20:03","modified_gmt":"2023-11-10T12:20:03","slug":"seljakott","status":"publish","type":"product","link":"https:\/\/www.reform.ee\/pood\/toode\/seljakott\/","title":{"rendered":"Seljakott"},"content":{"rendered":"","protected":false},"excerpt":{"rendered":"<p><strong>Vanast valimisplakatist valminud suur seljakott. Mahutab k\u00f5ik vajaliku igap\u00e4evasteks toimetusteks ja t\u00f6\u00f6l v\u00f5i koolis k\u00e4imiseks.\u00a0<\/strong><\/p>\n<ul>\n<li>m\u00f5\u00f5dud 44x35x12cm<\/li>\n<li>sees tasku kuni 15&#8243; arvutile<\/li>\n<li>vastupidavad ja reguleeritavad rihmad<\/li>\n<li>veekindel ja vetth\u00fclgav PVC materjal<\/li>\n<li>100% taaskasutatud pol\u00fcestrist tootesilt<\/li>\n<li>iga seljakott on unikaalse kujundusega<\/li>\n<\/ul>\n","protected":false},"featured_media":11719,"template":"","meta":[],"product_brand":[],"product_cat":[87],"product_tag":[],"class_list":{"0":"post-11742","1":"product","2":"type-product","3":"status-publish","4":"has-post-thumbnail","6":"product_cat-valimisplakatiuuselu","8":"first","9":"instock","10":"shipping-taxable","11":"purchasable","12":"product-type-simple"},"exclude_global_add_ons":[],"addons":[],"_links":{"self":[{"href":"https:\/\/www.reform.ee\/pood\/wp-json\/wp\/v2\/product\/11742","targetHints":{"allow":["GET"]}}],"collection":[{"href":"https:\/\/www.reform.ee\/pood\/wp-json\/wp\/v2\/product"}],"about":[{"href":"https:\/\/www.reform.ee\/pood\/wp-json\/wp\/v2\/types\/product"}],"wp:featuredmedia":[{"embeddable":true,"href":"https:\/\/www.reform.ee\/pood\/wp-json\/wp\/v2\/media\/11719"}],"wp:attachment":[{"href":"https:\/\/www.reform.ee\/pood\/wp-json\/wp\/v2\/media?parent=11742"}],"wp:term":[{"taxonomy":"product_brand","embeddable":true,"href":"https:\/\/www.reform.ee\/pood\/wp-json\/wp\/v2\/product_brand?post=11742"},{"taxonomy":"product_cat","embeddable":true,"href":"https:\/\/www.reform.ee\/pood\/wp-json\/wp\/v2\/product_cat?post=11742"},{"taxonomy":"product_tag","embeddable":true,"href":"https:\/\/www.reform.ee\/pood\/wp-json\/wp\/v2\/product_tag?post=11742"}],"curies":[{"name":"wp","href":"https:\/\/api.w.org\/{rel}","templated":true}]}}