{"id":12027,"date":"2022-06-13T15:46:17","date_gmt":"2022-06-13T12:46:17","guid":{"rendered":"https:\/\/www.reform.ee\/pood\/?post_type=product&#038;p=12027"},"modified":"2026-02-04T17:30:52","modified_gmt":"2026-02-04T14:30:52","slug":"eesti-raudne-leedi-fannisark","status":"publish","type":"product","link":"https:\/\/www.reform.ee\/pood\/toode\/eesti-raudne-leedi-fannisark\/","title":{"rendered":"&#8220;Eesti raudne leedi&#8221; f\u00e4nnis\u00e4rk"},"content":{"rendered":"","protected":false},"excerpt":{"rendered":"<p><strong>Keskkonnas\u00f5bralik f\u00e4nnis\u00e4rk, mida kandes toetad Eesti raudset leedit &#8211; peaminister Kaja Kallast!<\/strong><\/p>\n<ul>\n<li>100% ring-kedratud puuvillast<\/li>\n<li>topelt\u00f5mblustega s\u00e4rgi all\u00e4\u00e4ris ja varrukad<\/li>\n<li>kvaliteetne DTG tr\u00fckk<\/li>\n<li>suuruste tabel leitav tootegaleriist<\/li>\n<\/ul>\n","protected":false},"featured_media":12028,"template":"","meta":[],"product_brand":[],"product_cat":[90,27,85],"product_tag":[95,91,92,93,94],"class_list":{"0":"post-12027","1":"product","2":"type-product","3":"status-publish","4":"has-post-thumbnail","6":"product_cat-eesti-raudne-leedi","7":"product_cat-meened","8":"product_cat-riided","9":"product_tag-eesti","10":"product_tag-fannisark","11":"product_tag-kaja-kallas","12":"product_tag-peaminister","13":"product_tag-raudne-leedi","15":"first","16":"instock","17":"shipping-taxable","18":"purchasable","19":"product-type-simple"},"exclude_global_add_ons":false,"addons":[{"name":"Vali suurus","type":"checkbox","position":0,"required":true,"title_format":"label","default":"","description_enable":false,"description":"","placeholder_enable":false,"placeholder":"","display":"select","restrictions_type":"any_text","adjust_price":false,"price":"","price_type":"flat_fee","restrictions":false,"min":"0","max":"0","options":[{"label":"XS","price":"","price_type":"flat_fee","image":0,"visibility":true}],"id":1699626053}],"_links":{"self":[{"href":"https:\/\/www.reform.ee\/pood\/wp-json\/wp\/v2\/product\/12027","targetHints":{"allow":["GET"]}}],"collection":[{"href":"https:\/\/www.reform.ee\/pood\/wp-json\/wp\/v2\/product"}],"about":[{"href":"https:\/\/www.reform.ee\/pood\/wp-json\/wp\/v2\/types\/product"}],"wp:featuredmedia":[{"embeddable":true,"href":"https:\/\/www.reform.ee\/pood\/wp-json\/wp\/v2\/media\/12028"}],"wp:attachment":[{"href":"https:\/\/www.reform.ee\/pood\/wp-json\/wp\/v2\/media?parent=12027"}],"wp:term":[{"taxonomy":"product_brand","embeddable":true,"href":"https:\/\/www.reform.ee\/pood\/wp-json\/wp\/v2\/product_brand?post=12027"},{"taxonomy":"product_cat","embeddable":true,"href":"https:\/\/www.reform.ee\/pood\/wp-json\/wp\/v2\/product_cat?post=12027"},{"taxonomy":"product_tag","embeddable":true,"href":"https:\/\/www.reform.ee\/pood\/wp-json\/wp\/v2\/product_tag?post=12027"}],"curies":[{"name":"wp","href":"https:\/\/api.w.org\/{rel}","templated":true}]}}